z - 3. Let m(l) = -n(l) - v(l). What is m(3)?
-3
Let t(w) be the first derivative of 3 + 4*w - 1/2*w**2. Determine t(2).
2
Let h(x) be the first derivative of -x**3/3 + 5*x**2/2 - 7*x - 3. Let l = 4 + 1. What is h(l)?
-7
Let j be -2 - -5 - (1 - 2). Let f(n) = -n**3 + 5*n**2 - 6*n + 6. Give f(j).
-2
Let s = -7 - -6. Let m(o) = -3*o**2 - 1 + 5*o**2 - 2*o**3 - 3*o**3. Determine m(s).
6
Let q(g) = 7*g - 1. Suppose 0 = 2*k - 4*l + 18, -15 + 4 = -k - 3*l. What is q(k)?
-8
Let w(q) = 4*q**3 - 3*q**2 - 5*q + 2. Let g(i) = i**3 - 2*i**2 - i - 1. Let z(d) = 3*g(d) - w(d). Determine z(-4).
3
Let k(j) be the first derivative of 1/60*j**5 + 0*j**2 + 0*j + 1/8*j**4 - 3 + 2/3*j**3. Let s(r) be the third derivative of k(r). What is s(3)?
9
Let v be 1/(-4) - 8/(-32). Suppose p - 8 = -2*f, v*f - 3*p = -f - 3. Suppose -12 = -4*z + 2*n, -2*n = -f*z - 2*z + 16. Let d(i) = -i + 3. What is d(z)?
-1
Let s = -2 - -3. Let b(m) = -5*m**2 - 3*m - 2. Let j(q) = q + 1. Suppose -4*r = -20, l = 3*l - r + 3. Let i(f) = l*b(f) + 3*j(f). Determine i(s).
-4
Let u(h) be the second derivative of h**3/6 - h**2 - 5*h. Suppose -3*o + 4*o - 5 = 0. Give u(o).
3
Let b(r) = -3*r**2 - 5 + 5 + 2 - 3*r - r**3 + 3. Let l(t) = -t**3 - 3*t**2 - 4*t + 6. Let y(a) = 5*b(a) - 4*l(a). What is y(-2)?
-5
Let n(z) be the first derivative of z**4/4 - 5*z**3/3 - z**2 + 4*z - 1. Give n(5).
-6
Let b(n) = n**3 - n**2 - 3*n + 3. Let p be 0 + 0*(-3)/(-3). Suppose -3*y + 4*y = p. Let k be (y - 2)*(0 + -1). What is b(k)?
1
Let n(h) = 4 + 4*h - 18 + 4 + 6. Suppose -2*i - f + 13 = 0, -2*i = 5*f - 13 - 20. Give n(i).
12
Let u(d) be the first derivative of -7*d**3/3 + 3*d**2/2 - 3*d - 26. Calculate u(2).
-25
Let u(s) = s + 8. Let x(q) = 3*q + 8. Let c be x(-4). Give u(c).
4
Suppose -6*h = -2*h - 5*w - 1, h - 5*w = -11. Let x(j) = -j**3 + 3*j**2 + 5*j. What is x(h)?
4
Suppose -14 - 3 = -2*s + 3*f, 15 = -3*f. Let d(g) = 6*g**2 - 2*g + 1. Calculate d(s).
5
Let j(a) = -a**2 + 7*a - 4. Let l(d) = -2*d - 9. Let y be l(-7). What is j(y)?
6
Let q(f) = -f**2 + 2*f. Let n(b) = -2*b**2 + b + 1. Let j be n(2). Let t = j + 9. Give q(t).
-8
Let k(r) = r + 20. Let n be k(-18). Let c(m) = -m**3 + 4*m**2 - m. What is c(n)?
6
Let l(n) = n**3 + 7*n**2 - n - 4. Suppose -21*d = 3*d + 168. Determine l(d).
3
Let s(w) = w**2 - 4*w + 3. Let f(v) = v**3 + 11*v**2 + 11*v + 12. Let x = -17 - -7. Let r be f(x). Give s(r).
-1
Let m = 66 + -59. Let f(n) = n - 16. Determine f(m).
-9
Suppose 0*z + z = 0. Let b(y) = y - 2 + z + 2*y - 2*y. Give b(-5).
-7
Let r(z) = -z - 1. Suppose 0 = 2*o - n - 0*n + 1, -2*o - 2*n = 4. Calculate r(o).
0
Let w = 3 - 3. Let q(r) = 7*r + 8. Suppose 4*n - 10 = 10. Let a(m) = 4*m + 4. Let t(s) = n*a(s) - 3*q(s). Give t(w).
-4
Let w(s) = 4*s**2 - 2*s - 2*s + 6*s + s**3. Calculate w(-3).
3
Let t(c) = 17*c + 55. Let d(f) = -6*f - 18. Let m(u) = -8*d(u) - 3*t(u). Let v be (-10)/(-2)*(-10)/25. Let a(r) = 1. Let h(y) = v*m(y) - 42*a(y). What is h(-1)?
-6
Let j(s) be the first derivative of -s**4/4 - 2*s**3 - 7*s**2/2 - 4*s - 1. Suppose -5*v = 3*f - 19, -v + 3 = 4*f - 11. Suppose 0 = -v*y - 9 + 1. Calculate j(y).
-8
Let q(s) = -12*s**3 + s**3 + s - s - s. What is q(-1)?
12
Let n(d) be the first derivative of -d**4/4 + d**3/3 - d**2/2 - 2. Suppose 3*j - 12 = -0. Suppose 0 = -3*h + j*h. Give n(h).
0
Suppose -2*a + 5*c - 6 = 0, 0 = -2*c - 3*c + 10. Suppose h + 4*s = -h + 22, 0 = -5*s + 20. Let b(n) = -3*n**2 + n**h - 2*n + 2*n**2 + 5 + 4*n**a. Give b(-4).
-3
Let p(k) = -k**2 - 3 - 7*k - 1 - 7 + 9. Determine p(-6).
4
Let p(y) = -3*y + 5. Let v(t) be the first derivative of -t**3/3 - t**2 + 7*t + 1. Let j be v(-3). Give p(j).
-7
Suppose 0 = 4*j - 7 - 5. Suppose -j*c = -2*c. Let h(b) = -3*b**2 - b + 3. Let u(z) = -z**2 - 1. Let l(y) = h(y) - 2*u(y). Give l(c).
5
Suppose -2*k - 2 = -10. Let v(m) = -m**2 + 3. Let h(b) = b**2 - b. Let u(i) = -2*h(i) - v(i). Determine u(k).
-11
Let j(a) = a**3 - a - 1. Let c = 0 - 1. What is j(c)?
-1
Let w(f) = f - 3. Let x(b) = -b**2 + b + 10. Let t be x(0). Calculate w(t).
7
Let s be ((-12)/(-10))/(2/5). Let j(g) = -g + 1. Let n be j(1). Let y(o) = n + 4*o - 1 - 1. Calculate y(s).
10
Let k(f) = f**2 - 4*f + 6. Let u be -3 - (-1 + -12 - -1). Let i = u - 5. Determine k(i).
6
Let p(v) = -9*v**2 - 6*v + 5. Let o(c) = -11*c**2 - 7*c + 6. Let f(y) = -6*o(y) + 7*p(y). What is f(-2)?
11
Let a(p) = 3 - 1 + p - 2 - 5. Give a(6).
1
Let w(q) be the second derivative of -4*q**3/3 - 25*q. What is w(2)?
-16
Let t(d) = d**3 - d**2 + d + 4. Suppose -x = -2*x. Determine t(x).
4
Suppose -1 = -3*h - 16. Suppose 0*z = 3*z. Let b(d) = z*d + 1 + 3*d - 2*d. Calculate b(h).
-4
Let i(n) = 0 + 2*n + 0 + 0*n - 3. Let a be i(3). Let x(o) = 0 + a - 1 - 3*o - 3. Calculate x(-1).
2
Let l(k) = 5*k**2 + 1 - 6*k**2 + 5*k**2 - 8*k + 4*k. What is l(3)?
25
Let g(q) = -2*q + 10. Let u be (-1 - 0)*(-1 + -6). What is g(u)?
-4
Let n(v) = -3*v - 1. Let d(j) = -j**2 - 3*j + 2. Let s be d(-3). Let c be (0 + s - -3) + -1. Calculate n(c).
-13
Suppose -26 = 5*h + 19. Let u = 16 + h. Let q = -8 + u. Let p(v) = v. Determine p(q).
-1
Let i(o) = -o**3 - 9*o**2 + 5*o + 3. Let d(v) = 3*v**3 + 18*v**2 - 9*v - 5. Let r(a) = -2*d(a) - 5*i(a). Determine r(8).
3
Let q(i) = -i**3 - i**2 - i. Let b(c) = c**3 + c. Let j(d) = -4*b(d) - 3*q(d). Calculate j(3).
-3
Suppose 0 = -2*u - 0 + 4. Suppose 4 = -c + 2*c. Let x(h) = 3*h + h**2 - c*h**3 - h + 0*h + 3*h**3. What is x(u)?
0
Let u(j) = -j**3 - j**2. Let i(r) = 2*r**2 + 3*r + 2. Let x(m) = i(m) - 2*u(m). What is x(-2)?
-4
Let l(w) be the first derivative of w**3/3 + w**2/2 - w + 4. Give l(-3).
5
Let p(s) = 7*s**3 + s. Suppose 2*x = 4*c - 24, -4*c - 2*x + 5*x + 20 = 0. Let t = c + -7. Calculate p(t).
8
Let x(t) = -2*t - 8. Suppose -l + 4*n = 14, 2*l - 2*n + 9 + 7 = 0. What is x(l)?
4
Let o(p) be the first derivative of -2*p**2 - 3*p - 4. Determine o(-2).
5
Let k(d) be the first derivative of -5 - 1/2*d**2 + d - 5/4*d**4 - 1/3*d**3. Suppose -2*y - 2 = -4. What is k(y)?
-6
Let x(y) be the third derivative of y**5/10 + y**4/12 + y**3/6 - y**2. Let p = 6 + -7. Calculate x(p).
5
Suppose -11*r - 5 = -6*r. Let o(p) be the third derivative of p**4/6 - p**3/6 - p**2. Determine o(r).
-5
Let d(b) be the second derivative of 3/2*b**2 + 1/6*b**3 + 0 + 9*b. Calculate d(-5).
-2
Let m = 1 + -1. Let z(w) = -10*w + 7. Let u(s) = 3*s - 2. Let h(d) = -7*u(d) - 2*z(d). Calculate h(m).
0
Let t(x) = 8*x**2 - x - 2. Let q(l) = -40*l**2 + 6*l + 11. Let y(v) = 2*q(v) + 11*t(v). Give y(-1).
7
Let i(m) = 5*m**2 - m - 2. Let v be 12/(-8)*4/3. What is i(v)?
20
Let g(s) = -s**2 - 3*s + 3. Let n be 30/2*1/3. Let u = -1 + n. Suppose -k + 5*h + 20 - 3 = 0, -5*h - 23 = -u*k. Calculate g(k).
-7
Let n(s) = 9*s + 18*s + 10*s - 26*s. Give n(1).
11
Suppose -3*m + 2*m = 0. Let j = 1 - -3. Let w(b) = b + m*b - j - 3. Determine w(4).
-3
Let a be (-10)/(-6) - 2/(-6). Let k(i) be the first derivative of -i**6/180 + i**5/60 + i**3 + 1. Let z(b) be the third derivative of k(b). Give z(a).
-4
Let p(i) = i**3 - i**2 - i + 7. Let a be p(0). Suppose 3*c - a*o = -2*o + 3, -3*o - 9 = 0. Let s = -7 - c. Let d(b) = b**3 + 3*b**2 - 2. What is d(s)?
-2
Let b(t) = -1 - 3*t**3 - t**3 + 2*t**3 + t**2. What is b(1)?
-2
Let l(x) = 7*x**3 + 2*x**2 - 5*x + 2. Suppose 16 = -4*d + 4*u, u = -3*d - 2*u. Let c(b) = -8*b**3 - b**2 + 4*b - 1. Let g(q) = d*l(q) - 3*c(q). Determine g(-1).
-10
Let w(c) = c**3 + 3*c**2 - 3*c - 2. Let l be 3*(6/(-9))/1. Calculate w(l).
8
Let n(o) = 3*o**2 + o - 2. Let x(v) = v**2 - 1. Let l(g) = -n(g) + 2*x(g). Calculate l(1).
-2
Let r(f) = -f**3 - 6*f**2 - 3*f + 5. Let c(u) = -u**2 - 8*u - 5. Let j be c(-7). Let m be -5 - (j + -1 + -2). Let w be -3 - 2/(-4)*m. Calculate r(w).
-5
Let x(q) = -q**2 - 11*q - 18. Let n be x(-9). Let b(k) = 5 - 6*k**3 + 3*k**3 - k + k**2 + 2*k**3. Determine b(n).
5
Suppose 7*y - 3*y = 20. Let a(z) = -y*z + z**3 + 2*z - 2 + 2*z + 2*z + 4*z**2. Calculate a(-4).
-6
Let s be -1*(-3 + 0 + 0). Let a(l) = l**s - 3*l + 0*l**2 + 5*l + 5*l**2 + 0*l**2. What is a(-4)?
8
Let q = -9 + 6. Let f = 5 + q. Let o(x) be the first derivative of x**4/2 - 4*x**3/3 + 2*x**2 - 3*x - 3. Determine o(f).
5
Let i(b) be the second derivative of 2*b**3/3 + 2*b**2 - 25*b. Give i(-3).
-8
Let n(v) = -v**3 - 2*v**2 + v. Let o be 28/6 - 8/(-24). Suppose -6